 what is -51c + -1c9?
-707
In base 8, what is -42 + 25503?
25441
In base 4, what is 3 - -101310103?
101310112
In base 11, what is a467 - -90?
a547
In base 3, what is 1100122 + -100?
1100022
In base 14, what is -1 - 3324b?
-3324c
In base 11, what is 0 + -57202?
-57202
In base 6, what is 343212 + -1?
343211
In base 7, what is 12 + -214152?
-214140
In base 13, what is 6 - -b598?
b5a1
In base 7, what is 5126340 - -6?
5126346
In base 2, what is 1 - 10000010011010110?
-10000010011010101
In base 12, what is -5 + -576a3?
-576a8
In base 11, what is -511 - -38?
-484
In base 7, what is -333 + 55?
-245
In base 5, what is 1141141 + -214?
1140422
In base 12, what is -6050 + -54?
-60a4
In base 10, what is 51933 - 25?
51908
In base 12, what is 100 + 1b?
11b
In base 12, what is -1b065 - 8?
-1b071
In base 13, what is -28 - 6a6?
-701
In base 11, what is 50485 - 2a?
50456
In base 11, what is 136 + -322a?
-30a4
In base 3, what is 0 + -2002021001?
-2002021001
In base 5, what is 1 - -143422311?
143422312
In base 9, what is -52 - 143?
-205
In base 6, what is 1414101 + 0?
1414101
In base 15, what is 5 + -49ce7?
-49ce2
In base 9, what is 168656 + -6?
168650
In base 7, what is 225154 - 22?
225132
In base 3, what is 120122 - 101222?
11200
In base 13, what is 4 - 2400c?
-24008
In base 2, what is 11111010001111 - -101010?
11111010111001
In base 5, what is 11 + 4100142?
4100203
In base 12, what is -390 + -58?
-428
In base 2, what is -110 - 10111111001110?
-10111111010100
In base 7, what is 1212 - 1152?
30
In base 3, what is 12 + -2010201000?
-2010200211
In base 9, what is -17 + 10320?
10302
In base 9, what is -3626 - 65?
-3702
In base 10, what is 11899 - 1?
11898
In base 13, what is -23 + -47cc?
-4822
In base 14, what is -1d4c4 - 5?
-1d4c9
In base 2, what is 101001111 + 1101000010?
10010010001
In base 7, what is 2065 - 163?
1602
In base 6, what is 4514 + -15?
4455
In base 5, what is -14200 + 1201?
-12444
In base 16, what is 2 + -d1b0?
-d1ae
In base 10, what is 18290 + -4?
18286
In base 11, what is 5 + -51836?
-51831
In base 8, what is -3044 - 12?
-3056
In base 11, what is -171aa - -3?
-171a7
In base 11, what is -113 - 442?
-555
In base 14, what is -1a1 + 1b2?
11
In base 15, what is -1e - 302?
-321
In base 7, what is 4603 - -425?
5331
In base 13, what is -1923 + bb?
-1835
In base 12, what is 91 + -a16?
-945
In base 4, what is -10 + 220011000?
220010330
In base 2, what is 100010101101 - 11?
100010101010
In base 13, what is 4 - 60258?
-60254
In base 13, what is 569 + 341?
8aa
In base 7, what is 456325 + 20?
456345
In base 9, what is 11 - -3142?
3153
In base 14, what is 142 + d6?
238
In base 8, what is 4 + -5102435?
-5102431
In base 14, what is -1586b5 + -3?
-1586b8
In base 15, what is 5 - -b7ae?
b7b4
In base 3, what is -200001100 + 12?
-200001011
In base 8, what is 166 + -20225?
-20037
In base 13, what is 5b0 - 56?
557
In base 5, what is 12112 - 14033?
-1421
In base 13, what is -a51 - 17a?
-bcb
In base 15, what is 148de5 - 5?
148de0
In base 5, what is 30334041 - -11?
30334102
In base 9, what is 6 - 108151?
-108144
In base 4, what is -13 - -21121?
21102
In base 11, what is 8 + 521a?
5227
In base 12, what is 4 - -6681?
6685
In base 3, what is 1120100 - 111210?
1001120
In base 5, what is -100104301 + 21?
-100104230
In base 5, what is -10 - 32302311?
-32302321
In base 4, what is 3132213 + -12032?
3120121
In base 16, what is 2b36 + -8?
2b2e
In base 12, what is -668 - 12?
-67a
In base 9, what is -56421 + -6?
-56427
In base 2, what is -1011111101111101010 - 100?
-1011111101111101110
In base 15, what is -1 - 1c21?
-1c22
In base 16, what is 35e - -15?
373
In base 12, what is -118 + -1102?
-121a
In base 14, what is 129b1 + -a?
129a5
In base 2, what is 1 + -100101100110101000?
-100101100110100111
In base 9, what is -1167301 + 1?
-1167300
In base 10, what is 566 - -3?
569
In base 9, what is -22153 - 75?
-22238
In base 12, what is -5 - -18a27?
18a22
In base 6, what is 13345 - -203?
13552
In base 7, what is -61243 - 3?
-61246
In base 6, what is -121014102 + -1?
-121014103
In base 6, what is -435351 + -3?
-435354
In base 10, what is -151408 - -6?
-151402
In base 15, what is 18c + -2c?
160
In base 16, what is -bb61 + 3?
-bb5e
In base 4, what is 30013200 + 11?
30013211
In base 12, what is -26bb - -199?
-2522
In base 12, what is -178 - -6187?
600b
In base 10, what is 2081 + -34?
2047
In base 6, what is 344451 + -1122?
343325
In base 11, what is -6 - 3379?
-3384
In base 7, what is -665 - 20323?
-21321
In base 4, what is -1101233 - -121?
-1101112
In base 7, what is 122 - 1110?
-655
In base 13, what is 9 - 734a?
-7341
In base 9, what is 385617 - 10?
385607
In base 12, what is 0 + -300ba0?
-300ba0
In base 16, what is -815 + ac?
-769
In base 2, what is -101000001 - 100111100011?
-101100100100
In base 12, what is 289b + b?
28aa
In base 2, what is -11001010110111 + 101?
-11001010110010
In base 3, what is 1211 - 111002?
-102021
In base 12, what is -8b54 + -4?
-8b58
In base 2, what is 1001100110010 + 11010100?
1010000000110
In base 10, what is -28 + -18832?
-18860
In base 3, what is 12 - -201121001?
201121020
In base 3, what is -20000221 + 110?
-20000111
In base 3, what is 112102120 - -2?
112102122
In base 5, what is 401300 - -24?
401324
In base 12, what is 1097b - 5?
10976
In base 3, what is -1212202220 + 12?
-1212202201
In base 11, what is 9 - 5330?
-5322
In base 4, what is -1122330 + -112?
-1123102
In base 15, what is -24ec + -b?
-2508
In base 4, what is 32113 + 33303?
132022
In base 4, what is -2031 - -2232?
201
In base 15, what is -3ec + 67?
-385
In base 7, what is -5541113 - 3?
-5541116
In base 5, what is 13 + -1044?
-1031
In base 13, what is 1776 + 1c?
1795
In base 14, what is 102 - 106?
-4
In base 10, what is -54 - 1316?
-1370
In base 10, what is -70 + 50005?
49935
In base 3, what is -100 - 210021112?
-210021212
In base 13, what is -7920 - -5?
-7918
In base 13, what is 86 - -11a?
1a3
In base 10, what is 17 - -9474?
9491
In base 10, what is -30923 - -74?
-30849
In base 7, what is -621 + -3132?
-4053
In base 15, what is -2445 + 43?
-2402
In base 8, what is 45120517 + 5?
45120524
In base 2, what is -1000001011 - -1001000?
-111000011
In base 2, what is 1010 - 1011000000011111?
-1011000000010101
In base 15, what is -2e + -c4?
-103
In base 2, what is -10001001011000110000101 + -100?
-10001001011000110001001
In base 10, what is -3 - 16237?
-16240
In base 6, what is 5 - -20052?
20101
In base 8, what is 7 - 110?
-101
In base 6, what is -55 - -550501?
550402
In base 2, what is -100010010011001001 - 101?
-100010010011001110
In base 5, what is -2243441 + -2?
-2243443
In base 4, what is -2000203 + 32?
-2000111
In base 14, what is -35065 + -5?
-3506a
In base 8, what is 736551 + 3?
736554
In base 8, what is 114764 + 142?
115126
In base 3, what is -2 - 1000021?
-1000100
In base 11, what is -20362 + 33?
-2032a
In base 5, what is 202 - 133213?
-133011
In base 12, what is -10 - -169?
159
In base 6, what is -314 - 30433?
-31151
In base 3, what is -11101110000 + -12?
-11101110012
In base 2, what is -10010000110100 + -101?
-10010000111001
In base 14, what is -2260 - 386?
-2606
In base 13, what is 27988b + 2?
279890
In base 16, what is -21f601 + 3?
-21f5fe
In base 10, what is -72 + 26400?
26328
In base 10, what is 2672 - -28?
2700
In base 13, what is -16a6 - -6?
-16a0
In base 14, what is -67 - 2b3?
-33a
In base 10, what is 3 + -54703?
-54700
In base 8, what is 15606 - 155?
15431
In base 9, what is 1 + -10412?
-10411
In base 2, what is 110010111111 - -100?
110011000011
In base 6, what is 130 - -1103?
1233
In base 12, what is -1582 - 3a?
-1600
In base 3, what is 1021211101 + 2?
1021211110
In base 4, what is -111233 - 333?
-112232
In base 2, what is 10100010110000010000 + -100?
10100010110000001100
In base 12, what is -5 - -1763?
175a
In base 5, what is -1312040 - -23?
-1312012
In base 11, what is -54 - -1256?
1202
In base 6, what is -15135 - -33?
-15102
In base 7, what is 36 + 1322?
1361
In base 2, what is 1011001 + -110001000?
-100101111
In base 8, what is 657 + -3074?
-2215
In base 16, what is -231007 + 1?
-231006
In base 15, what is -9c - 406?
-4a3
In base 16, what is 1c - 47e?
-462
In base 8, what is -3 + 430670?
430665
In base 10, what is 4 + -75755?
-75751
In base 7, what is -1234 + -454?
-2021
In base 10, wh